{"id":54,"date":"2023-02-11T12:15:37","date_gmt":"2023-02-11T11:15:37","guid":{"rendered":"https:\/\/weinfreunde-lsp.de\/?page_id=54"},"modified":"2025-01-18T12:48:13","modified_gmt":"2025-01-18T11:48:13","slug":"verein","status":"publish","type":"page","link":"https:\/\/weinfreunde-lsp.de\/index.php\/verein\/","title":{"rendered":"Verein"},"content":{"rendered":"\t\t<div data-elementor-type=\"wp-page\" data-elementor-id=\"54\" class=\"elementor elementor-54\">\n\t\t\t\t\t\t<section class=\"elementor-section elementor-top-section elementor-element elementor-element-3ad2645 elementor-section-boxed elementor-section-height-default elementor-section-height-default\" data-id=\"3ad2645\" data-element_type=\"section\">\n\t\t\t\t\t\t<div class=\"elementor-container elementor-column-gap-default\">\n\t\t\t\t\t<div class=\"elementor-column elementor-col-100 elementor-top-column elementor-element elementor-element-8d23a0c\" data-id=\"8d23a0c\" data-element_type=\"column\">\n\t\t\t<div class=\"elementor-widget-wrap elementor-element-populated\">\n\t\t\t\t\t\t<div class=\"elementor-element elementor-element-acea8cf elementor-widget elementor-widget-text-editor\" data-id=\"acea8cf\" data-element_type=\"widget\" data-widget_type=\"text-editor.default\">\n\t\t\t\t<div class=\"elementor-widget-container\">\n\t\t\t\t\t\t\t\t\t<p>Die Weinfreunde Lachen-Speyerdorf e.V. sind ein gemeinn\u00fctziger Verein mit ca. 100 Mitgliedern in Neustadt an der Weinstrasse \/ Rheinland-Pfalz.\u00a0 Er wurde 1976 anl\u00e4\u00dflich des 1200 j\u00e4hrigen Bestehens des Weindorfs Lachen-Speyerdorf gegr\u00fcndet.<\/p>\t\t\t\t\t\t\t\t<\/div>\n\t\t\t\t<\/div>\n\t\t\t\t\t<\/div>\n\t\t<\/div>\n\t\t\t\t\t<\/div>\n\t\t<\/section>\n\t\t\t\t<section class=\"elementor-section elementor-top-section elementor-element elementor-element-fae1619 elementor-section-boxed elementor-section-height-default elementor-section-height-default\" data-id=\"fae1619\" data-element_type=\"section\">\n\t\t\t\t\t\t<div class=\"elementor-container elementor-column-gap-default\">\n\t\t\t\t\t<div class=\"elementor-column elementor-col-100 elementor-top-column elementor-element elementor-element-9297b23\" data-id=\"9297b23\" data-element_type=\"column\">\n\t\t\t<div class=\"elementor-widget-wrap elementor-element-populated\">\n\t\t\t\t\t\t<div class=\"elementor-element elementor-element-35b89cd elementor-widget elementor-widget-text-editor\" data-id=\"35b89cd\" data-element_type=\"widget\" data-widget_type=\"text-editor.default\">\n\t\t\t\t<div class=\"elementor-widget-container\">\n\t\t\t\t\t\t\t\t\t<p><b>Unsere Ziele und Themen:<\/b>\u00a0<\/p><p>\u00a0<\/p><ul><li>Pflege und F\u00f6rderung der Weinkultur in Lachen-Speyerdorf<\/li><li>Vertiefung des Wissens um den Wein<\/li><li>Gemeinschaftliches Erleben von Wein und Kultur<\/li><li>Organisation von Veranstaltungen mit den Weing\u00fctern aus Lachen-Speyerdorf<\/li><\/ul><div><span style=\"font-family: -apple-system, BlinkMacSystemFont, Segoe UI, Roboto, Oxygen-Sans, Ubuntu, Cantarell, Helvetica Neue, sans-serif;\">\u00a0<\/span><\/div>\t\t\t\t\t\t\t\t<\/div>\n\t\t\t\t<\/div>\n\t\t\t\t\t<\/div>\n\t\t<\/div>\n\t\t\t\t\t<\/div>\n\t\t<\/section>\n\t\t\t\t<section class=\"elementor-section elementor-top-section elementor-element elementor-element-de6f629 elementor-section-boxed elementor-section-height-default elementor-section-height-default\" data-id=\"de6f629\" data-element_type=\"section\">\n\t\t\t\t\t\t<div class=\"elementor-container elementor-column-gap-default\">\n\t\t\t\t\t<div class=\"elementor-column elementor-col-100 elementor-top-column elementor-element elementor-element-93fc5c2\" data-id=\"93fc5c2\" data-element_type=\"column\">\n\t\t\t<div class=\"elementor-widget-wrap elementor-element-populated\">\n\t\t\t\t\t\t<div class=\"elementor-element elementor-element-9d5cea3 elementor-widget elementor-widget-video\" data-id=\"9d5cea3\" data-element_type=\"widget\" data-settings=\"{&quot;video_type&quot;:&quot;hosted&quot;,&quot;controls&quot;:&quot;yes&quot;}\" data-widget_type=\"video.default\">\n\t\t\t\t<div class=\"elementor-widget-container\">\n\t\t\t\t\t\t\t<div class=\"e-hosted-video elementor-wrapper elementor-open-inline\">\n\t\t\t\t\t<video class=\"elementor-video\" src=\"https:\/\/weinfreunde-lsp.de\/wp-content\/uploads\/2023\/02\/2023_Weinfreunde_Infovideo_m.mp4\" controls=\"\" preload=\"metadata\" controlsList=\"nodownload\" poster=\"https:\/\/weinfreunde-lsp.de\/wp-content\/uploads\/2023\/02\/Logo_slogan_WF-scaled.jpg\"><\/video>\n\t\t\t\t<\/div>\n\t\t\t\t\t\t<\/div>\n\t\t\t\t<\/div>\n\t\t\t\t\t<\/div>\n\t\t<\/div>\n\t\t\t\t\t<\/div>\n\t\t<\/section>\n\t\t\t\t<section class=\"elementor-section elementor-top-section elementor-element elementor-element-3ba4218 elementor-section-boxed elementor-section-height-default elementor-section-height-default\" data-id=\"3ba4218\" data-element_type=\"section\">\n\t\t\t\t\t\t<div class=\"elementor-container elementor-column-gap-default\">\n\t\t\t\t\t<div class=\"elementor-column elementor-col-100 elementor-top-column elementor-element elementor-element-6e19a09\" data-id=\"6e19a09\" data-element_type=\"column\">\n\t\t\t<div class=\"elementor-widget-wrap elementor-element-populated\">\n\t\t\t\t\t\t<section class=\"elementor-section elementor-inner-section elementor-element elementor-element-75657c4 elementor-section-boxed elementor-section-height-default elementor-section-height-default\" data-id=\"75657c4\" data-element_type=\"section\">\n\t\t\t\t\t\t<div class=\"elementor-container elementor-column-gap-default\">\n\t\t\t\t\t<div class=\"elementor-column elementor-col-33 elementor-inner-column elementor-element elementor-element-8793f53\" data-id=\"8793f53\" data-element_type=\"column\">\n\t\t\t<div class=\"elementor-widget-wrap elementor-element-populated\">\n\t\t\t\t\t\t<div class=\"elementor-element elementor-element-057d75e elementor-widget elementor-widget-image\" data-id=\"057d75e\" data-element_type=\"widget\" data-widget_type=\"image.default\">\n\t\t\t\t<div class=\"elementor-widget-container\">\n\t\t\t\t\t\t\t\t\t\t\t\t\t\t\t\t<a href=\"https:\/\/m.facebook.com\/weinfreundelsp\/\" target=\"_blank\">\n\t\t\t\t\t\t\t<img decoding=\"async\" width=\"150\" height=\"150\" src=\"https:\/\/weinfreunde-lsp.de\/wp-content\/uploads\/2023\/02\/facebook_logo_2023-150x150.png\" class=\"attachment-thumbnail size-thumbnail wp-image-128\" alt=\"\" srcset=\"https:\/\/weinfreunde-lsp.de\/wp-content\/uploads\/2023\/02\/facebook_logo_2023-150x150.png 150w, https:\/\/weinfreunde-lsp.de\/wp-content\/uploads\/2023\/02\/facebook_logo_2023.png 225w\" sizes=\"(max-width: 150px) 100vw, 150px\" style=\"width:100%;height:100%;max-width:225px\" \/>\t\t\t\t\t\t\t\t<\/a>\n\t\t\t\t\t\t\t\t\t\t\t\t\t\t\t<\/div>\n\t\t\t\t<\/div>\n\t\t\t\t\t<\/div>\n\t\t<\/div>\n\t\t\t\t<div class=\"elementor-column elementor-col-66 elementor-inner-column elementor-element elementor-element-d485a6a\" data-id=\"d485a6a\" data-element_type=\"column\">\n\t\t\t<div class=\"elementor-widget-wrap elementor-element-populated\">\n\t\t\t\t\t\t<div class=\"elementor-element elementor-element-49244f3 elementor-widget elementor-widget-text-editor\" data-id=\"49244f3\" data-element_type=\"widget\" data-widget_type=\"text-editor.default\">\n\t\t\t\t<div class=\"elementor-widget-container\">\n\t\t\t\t\t\t\t\t\t<p>wir sind auch auf Facebook:\u00a0<a href=\"https:\/\/m.facebook.com\/weinfreundelsp\/\" target=\"_blank\" rel=\"noopener\">weinfreundelsp<\/a><\/p>\t\t\t\t\t\t\t\t<\/div>\n\t\t\t\t<\/div>\n\t\t\t\t\t<\/div>\n\t\t<\/div>\n\t\t\t\t\t<\/div>\n\t\t<\/section>\n\t\t\t\t\t<\/div>\n\t\t<\/div>\n\t\t\t\t\t<\/div>\n\t\t<\/section>\n\t\t\t\t<section class=\"elementor-section elementor-top-section elementor-element elementor-element-06fd728 elementor-section-boxed elementor-section-height-default elementor-section-height-default\" data-id=\"06fd728\" data-element_type=\"section\">\n\t\t\t\t\t\t<div class=\"elementor-container elementor-column-gap-default\">\n\t\t\t\t\t<div class=\"elementor-column elementor-col-100 elementor-top-column elementor-element elementor-element-9d5f822\" data-id=\"9d5f822\" data-element_type=\"column\">\n\t\t\t<div class=\"elementor-widget-wrap elementor-element-populated\">\n\t\t\t\t\t\t<div class=\"elementor-element elementor-element-65fce0e elementor-widget elementor-widget-text-editor\" data-id=\"65fce0e\" data-element_type=\"widget\" data-widget_type=\"text-editor.default\">\n\t\t\t\t<div class=\"elementor-widget-container\">\n\t\t\t\t\t\t\t\t\t<p><b>Unser Vorstand:<\/b><\/p>\t\t\t\t\t\t\t\t<\/div>\n\t\t\t\t<\/div>\n\t\t\t\t<section class=\"elementor-section elementor-inner-section elementor-element elementor-element-cd5a72a elementor-section-boxed elementor-section-height-default elementor-section-height-default\" data-id=\"cd5a72a\" data-element_type=\"section\">\n\t\t\t\t\t\t<div class=\"elementor-container elementor-column-gap-default\">\n\t\t\t\t\t<div class=\"elementor-column elementor-col-33 elementor-inner-column elementor-element elementor-element-af38aeb\" data-id=\"af38aeb\" data-element_type=\"column\">\n\t\t\t<div class=\"elementor-widget-wrap elementor-element-populated\">\n\t\t\t\t\t\t<div class=\"elementor-element elementor-element-d234cef elementor-widget elementor-widget-image\" data-id=\"d234cef\" data-element_type=\"widget\" data-widget_type=\"image.default\">\n\t\t\t\t<div class=\"elementor-widget-container\">\n\t\t\t\t\t\t\t\t\t\t\t\t\t\t\t<img fetchpriority=\"high\" decoding=\"async\" width=\"466\" height=\"466\" src=\"https:\/\/weinfreunde-lsp.de\/wp-content\/uploads\/2023\/02\/Nicole_Noe_sw.jpg\" class=\"attachment-large size-large wp-image-87\" alt=\"\" srcset=\"https:\/\/weinfreunde-lsp.de\/wp-content\/uploads\/2023\/02\/Nicole_Noe_sw.jpg 466w, https:\/\/weinfreunde-lsp.de\/wp-content\/uploads\/2023\/02\/Nicole_Noe_sw-300x300.jpg 300w, https:\/\/weinfreunde-lsp.de\/wp-content\/uploads\/2023\/02\/Nicole_Noe_sw-150x150.jpg 150w\" sizes=\"(max-width: 466px) 100vw, 466px\" style=\"width:100%;height:100%;max-width:466px\" \/>\t\t\t\t\t\t\t\t\t\t\t\t\t\t\t<\/div>\n\t\t\t\t<\/div>\n\t\t\t\t\t<\/div>\n\t\t<\/div>\n\t\t\t\t<div class=\"elementor-column elementor-col-66 elementor-inner-column elementor-element elementor-element-8541846\" data-id=\"8541846\" data-element_type=\"column\">\n\t\t\t<div class=\"elementor-widget-wrap elementor-element-populated\">\n\t\t\t\t\t\t<div class=\"elementor-element elementor-element-858f445 elementor-widget elementor-widget-text-editor\" data-id=\"858f445\" data-element_type=\"widget\" data-widget_type=\"text-editor.default\">\n\t\t\t\t<div class=\"elementor-widget-container\">\n\t\t\t\t\t\t\t\t\t<p>Nicole No\u00e9<\/p>\t\t\t\t\t\t\t\t<\/div>\n\t\t\t\t<\/div>\n\t\t\t\t\t<\/div>\n\t\t<\/div>\n\t\t\t\t\t<\/div>\n\t\t<\/section>\n\t\t\t\t<section class=\"elementor-section elementor-inner-section elementor-element elementor-element-01681e0 elementor-section-boxed elementor-section-height-default elementor-section-height-default\" data-id=\"01681e0\" data-element_type=\"section\">\n\t\t\t\t\t\t<div class=\"elementor-container elementor-column-gap-default\">\n\t\t\t\t\t<div class=\"elementor-column elementor-col-33 elementor-inner-column elementor-element elementor-element-0d7f3e2\" data-id=\"0d7f3e2\" data-element_type=\"column\">\n\t\t\t<div class=\"elementor-widget-wrap elementor-element-populated\">\n\t\t\t\t\t\t<div class=\"elementor-element elementor-element-e4e0db8 elementor-widget elementor-widget-image\" data-id=\"e4e0db8\" data-element_type=\"widget\" data-widget_type=\"image.default\">\n\t\t\t\t<div class=\"elementor-widget-container\">\n\t\t\t\t\t\t\t\t\t\t\t\t\t\t\t<img decoding=\"async\" width=\"202\" height=\"202\" src=\"https:\/\/weinfreunde-lsp.de\/wp-content\/uploads\/2023\/02\/Volker_Freytag_sw.jpg\" class=\"attachment-large size-large wp-image-88\" alt=\"\" srcset=\"https:\/\/weinfreunde-lsp.de\/wp-content\/uploads\/2023\/02\/Volker_Freytag_sw.jpg 202w, https:\/\/weinfreunde-lsp.de\/wp-content\/uploads\/2023\/02\/Volker_Freytag_sw-150x150.jpg 150w\" sizes=\"(max-width: 202px) 100vw, 202px\" style=\"width:100%;height:100%;max-width:202px\" \/>\t\t\t\t\t\t\t\t\t\t\t\t\t\t\t<\/div>\n\t\t\t\t<\/div>\n\t\t\t\t\t<\/div>\n\t\t<\/div>\n\t\t\t\t<div class=\"elementor-column elementor-col-66 elementor-inner-column elementor-element elementor-element-8ea8091\" data-id=\"8ea8091\" data-element_type=\"column\">\n\t\t\t<div class=\"elementor-widget-wrap elementor-element-populated\">\n\t\t\t\t\t\t<div class=\"elementor-element elementor-element-7636c09 elementor-widget elementor-widget-text-editor\" data-id=\"7636c09\" data-element_type=\"widget\" data-widget_type=\"text-editor.default\">\n\t\t\t\t<div class=\"elementor-widget-container\">\n\t\t\t\t\t\t\t\t\t<p>Volker Freytag<\/p>\t\t\t\t\t\t\t\t<\/div>\n\t\t\t\t<\/div>\n\t\t\t\t\t<\/div>\n\t\t<\/div>\n\t\t\t\t\t<\/div>\n\t\t<\/section>\n\t\t\t\t<section class=\"elementor-section elementor-inner-section elementor-element elementor-element-1b7d9e2 elementor-section-boxed elementor-section-height-default elementor-section-height-default\" data-id=\"1b7d9e2\" data-element_type=\"section\">\n\t\t\t\t\t\t<div class=\"elementor-container elementor-column-gap-default\">\n\t\t\t\t\t<div class=\"elementor-column elementor-col-33 elementor-inner-column elementor-element elementor-element-7777048\" data-id=\"7777048\" data-element_type=\"column\">\n\t\t\t<div class=\"elementor-widget-wrap elementor-element-populated\">\n\t\t\t\t\t\t<div class=\"elementor-element elementor-element-c979b58 elementor-widget elementor-widget-image\" data-id=\"c979b58\" data-element_type=\"widget\" data-widget_type=\"image.default\">\n\t\t\t\t<div class=\"elementor-widget-container\">\n\t\t\t\t\t\t\t\t\t\t\t\t\t\t\t<img loading=\"lazy\" decoding=\"async\" width=\"750\" height=\"750\" src=\"https:\/\/weinfreunde-lsp.de\/wp-content\/uploads\/2024\/04\/Susanne-Weinfreunde-Website-1_sw_web-1024x1024.jpg\" class=\"attachment-large size-large wp-image-327\" alt=\"\" srcset=\"https:\/\/weinfreunde-lsp.de\/wp-content\/uploads\/2024\/04\/Susanne-Weinfreunde-Website-1_sw_web-1024x1024.jpg 1024w, https:\/\/weinfreunde-lsp.de\/wp-content\/uploads\/2024\/04\/Susanne-Weinfreunde-Website-1_sw_web-300x300.jpg 300w, https:\/\/weinfreunde-lsp.de\/wp-content\/uploads\/2024\/04\/Susanne-Weinfreunde-Website-1_sw_web-150x150.jpg 150w, https:\/\/weinfreunde-lsp.de\/wp-content\/uploads\/2024\/04\/Susanne-Weinfreunde-Website-1_sw_web-768x768.jpg 768w, https:\/\/weinfreunde-lsp.de\/wp-content\/uploads\/2024\/04\/Susanne-Weinfreunde-Website-1_sw_web.jpg 1200w\" sizes=\"(max-width: 750px) 100vw, 750px\" style=\"width:100%;height:100%;max-width:1200px\" \/>\t\t\t\t\t\t\t\t\t\t\t\t\t\t\t<\/div>\n\t\t\t\t<\/div>\n\t\t\t\t\t<\/div>\n\t\t<\/div>\n\t\t\t\t<div class=\"elementor-column elementor-col-66 elementor-inner-column elementor-element elementor-element-34abd49\" data-id=\"34abd49\" data-element_type=\"column\">\n\t\t\t<div class=\"elementor-widget-wrap elementor-element-populated\">\n\t\t\t\t\t\t<div class=\"elementor-element elementor-element-88a79bf elementor-widget elementor-widget-text-editor\" data-id=\"88a79bf\" data-element_type=\"widget\" data-widget_type=\"text-editor.default\">\n\t\t\t\t<div class=\"elementor-widget-container\">\n\t\t\t\t\t\t\t\t\t<p>Susanne Zinckgraf<\/p>\t\t\t\t\t\t\t\t<\/div>\n\t\t\t\t<\/div>\n\t\t\t\t\t<\/div>\n\t\t<\/div>\n\t\t\t\t\t<\/div>\n\t\t<\/section>\n\t\t\t\t<section class=\"elementor-section elementor-inner-section elementor-element elementor-element-3015fa9 elementor-section-boxed elementor-section-height-default elementor-section-height-default\" data-id=\"3015fa9\" data-element_type=\"section\">\n\t\t\t\t\t\t<div class=\"elementor-container elementor-column-gap-default\">\n\t\t\t\t\t<div class=\"elementor-column elementor-col-33 elementor-inner-column elementor-element elementor-element-e2cdacc\" data-id=\"e2cdacc\" data-element_type=\"column\">\n\t\t\t<div class=\"elementor-widget-wrap elementor-element-populated\">\n\t\t\t\t\t\t<div class=\"elementor-element elementor-element-77dc42e elementor-widget elementor-widget-image\" data-id=\"77dc42e\" data-element_type=\"widget\" data-widget_type=\"image.default\">\n\t\t\t\t<div class=\"elementor-widget-container\">\n\t\t\t\t\t\t\t\t\t\t\t\t\t\t\t<img loading=\"lazy\" decoding=\"async\" width=\"750\" height=\"750\" src=\"https:\/\/weinfreunde-lsp.de\/wp-content\/uploads\/2023\/02\/Hubertus_Kroener_sw1200_1200-1024x1024.jpg\" class=\"attachment-large size-large wp-image-86\" alt=\"\" srcset=\"https:\/\/weinfreunde-lsp.de\/wp-content\/uploads\/2023\/02\/Hubertus_Kroener_sw1200_1200-1024x1024.jpg 1024w, https:\/\/weinfreunde-lsp.de\/wp-content\/uploads\/2023\/02\/Hubertus_Kroener_sw1200_1200-300x300.jpg 300w, https:\/\/weinfreunde-lsp.de\/wp-content\/uploads\/2023\/02\/Hubertus_Kroener_sw1200_1200-150x150.jpg 150w, https:\/\/weinfreunde-lsp.de\/wp-content\/uploads\/2023\/02\/Hubertus_Kroener_sw1200_1200-768x768.jpg 768w, https:\/\/weinfreunde-lsp.de\/wp-content\/uploads\/2023\/02\/Hubertus_Kroener_sw1200_1200.jpg 1200w\" sizes=\"(max-width: 750px) 100vw, 750px\" style=\"width:100%;height:100%;max-width:1200px\" \/>\t\t\t\t\t\t\t\t\t\t\t\t\t\t\t<\/div>\n\t\t\t\t<\/div>\n\t\t\t\t\t<\/div>\n\t\t<\/div>\n\t\t\t\t<div class=\"elementor-column elementor-col-66 elementor-inner-column elementor-element elementor-element-cab576f\" data-id=\"cab576f\" data-element_type=\"column\">\n\t\t\t<div class=\"elementor-widget-wrap elementor-element-populated\">\n\t\t\t\t\t\t<div class=\"elementor-element elementor-element-2acc3bd elementor-widget elementor-widget-text-editor\" data-id=\"2acc3bd\" data-element_type=\"widget\" data-widget_type=\"text-editor.default\">\n\t\t\t\t<div class=\"elementor-widget-container\">\n\t\t\t\t\t\t\t\t\t<p>Hubertus Kr\u00f6ner<\/p>\t\t\t\t\t\t\t\t<\/div>\n\t\t\t\t<\/div>\n\t\t\t\t\t<\/div>\n\t\t<\/div>\n\t\t\t\t\t<\/div>\n\t\t<\/section>\n\t\t\t\t\t<\/div>\n\t\t<\/div>\n\t\t\t\t\t<\/div>\n\t\t<\/section>\n\t\t\t\t<section class=\"elementor-section elementor-top-section elementor-element elementor-element-b788b64 elementor-section-boxed elementor-section-height-default elementor-section-height-default\" data-id=\"b788b64\" data-element_type=\"section\">\n\t\t\t\t\t\t<div class=\"elementor-container elementor-column-gap-default\">\n\t\t\t\t\t<div class=\"elementor-column elementor-col-100 elementor-top-column elementor-element elementor-element-b96939f\" data-id=\"b96939f\" data-element_type=\"column\">\n\t\t\t<div class=\"elementor-widget-wrap elementor-element-populated\">\n\t\t\t\t\t\t<div class=\"elementor-element elementor-element-cfb07cf elementor-widget elementor-widget-text-editor\" data-id=\"cfb07cf\" data-element_type=\"widget\" data-widget_type=\"text-editor.default\">\n\t\t\t\t<div class=\"elementor-widget-container\">\n\t\t\t\t\t\t\t\t\t<p><strong>Service und Informationen:<\/strong><\/p><ul><li><a href=\"https:\/\/weinfreunde-lsp.de\/wp-content\/uploads\/2025\/01\/Beitrittserklaerung-2025a.pdf\" target=\"_blank\" rel=\"noopener\">Beitrittserkl\u00e4rung<\/a><\/li><li><a href=\"https:\/\/weinfreunde-lsp.de\/wp-content\/uploads\/2023\/02\/Weinfreunde_LSP_Satzung_2022.pdf\" target=\"_blank\" rel=\"noopener\">Satzung<\/a><\/li><li><a href=\"https:\/\/weinfreunde-lsp.de\/wp-content\/uploads\/2023\/02\/DSGVO_Info-2022.pdf\" target=\"_blank\" rel=\"noopener\">Datenschutzerkl\u00e4rung<\/a>\u00a0<\/li><\/ul><div>\u00a0<\/div><div>Wenn Sie Interesse an einem Beitritt und Mitarbeit im Verein haben, senden Sie die ausgef\u00fcllte Beitrittserkl\u00e4rung bitte an <a href=\"mailto:weinfreunde-lsp@t-online.de\">weinfreunde-lsp@t-online.de<\/a><\/div>\t\t\t\t\t\t\t\t<\/div>\n\t\t\t\t<\/div>\n\t\t\t\t\t<\/div>\n\t\t<\/div>\n\t\t\t\t\t<\/div>\n\t\t<\/section>\n\t\t\t\t<section class=\"elementor-section elementor-top-section elementor-element elementor-element-8e09f2e elementor-section-boxed elementor-section-height-default elementor-section-height-default\" data-id=\"8e09f2e\" data-element_type=\"section\">\n\t\t\t\t\t\t<div class=\"elementor-container elementor-column-gap-default\">\n\t\t\t\t\t<div class=\"elementor-column elementor-col-100 elementor-top-column elementor-element elementor-element-60c85ea\" data-id=\"60c85ea\" data-element_type=\"column\">\n\t\t\t<div class=\"elementor-widget-wrap elementor-element-populated\">\n\t\t\t\t\t\t<div class=\"elementor-element elementor-element-67cd6c2 elementor-widget elementor-widget-text-editor\" data-id=\"67cd6c2\" data-element_type=\"widget\" data-widget_type=\"text-editor.default\">\n\t\t\t\t<div class=\"elementor-widget-container\">\n\t\t\t\t\t\t\t\t\t<p>Links zu den beteiligten Weing\u00fctern:<\/p><ul><li><a href=\"https:\/\/www.lilienthal-weine.de\/\" target=\"_blank\" rel=\"noopener\">Weingut Andres<\/a><\/li><li><a href=\"https:\/\/weingut-bassler.de\/de\/\" target=\"_blank\" rel=\"noopener\">Wein- und Sektgut Ba\u00dfler<\/a><\/li><li><a href=\"https:\/\/www.weingut-kreiselmaier.de\/\" target=\"_blank\" rel=\"noopener\">Weingut Kreiselmaier<\/a><\/li><li><a href=\"https:\/\/www.rietburg.de\/\" target=\"_blank\" rel=\"noopener\">Winzergenossenschaft Rietburg<\/a><\/li><li><a href=\"https:\/\/www.weingut-schaefer.info\/\" target=\"_blank\" rel=\"noopener\">Weingut Sch\u00e4fer<\/a><\/li><li><a href=\"https:\/\/www.stoeckel-hoos.de\/\" target=\"_blank\" rel=\"noopener\">Weingut und Destillerie St\u00f6ckel-Hoos<\/a><\/li><\/ul>\t\t\t\t\t\t\t\t<\/div>\n\t\t\t\t<\/div>\n\t\t\t\t\t<\/div>\n\t\t<\/div>\n\t\t\t\t\t<\/div>\n\t\t<\/section>\n\t\t\t\t<\/div>\n\t\t","protected":false},"excerpt":{"rendered":"<p>Die Weinfreunde Lachen-Speyerdorf e.V. sind ein gemeinn\u00fctziger Verein mit ca. 100 Mitgliedern in Neustadt an der Weinstrasse \/ Rheinland-Pfalz.\u00a0 Er wurde 1976 anl\u00e4\u00dflich des 1200 j\u00e4hrigen Bestehens des Weindorfs Lachen-Speyerdorf gegr\u00fcndet. Unsere Ziele und Themen:\u00a0 \u00a0 Pflege und F\u00f6rderung der Weinkultur in Lachen-Speyerdorf Vertiefung des Wissens um den Wein Gemeinschaftliches Erleben von Wein und Kultur&hellip; <a class=\"more-link\" href=\"https:\/\/weinfreunde-lsp.de\/index.php\/verein\/\"><span class=\"screen-reader-text\">Verein<\/span> weiterlesen<\/a><\/p>\n","protected":false},"author":1,"featured_media":0,"parent":0,"menu_order":0,"comment_status":"closed","ping_status":"closed","template":"","meta":{"footnotes":""},"_links":{"self":[{"href":"https:\/\/weinfreunde-lsp.de\/index.php\/wp-json\/wp\/v2\/pages\/54"}],"collection":[{"href":"https:\/\/weinfreunde-lsp.de\/index.php\/wp-json\/wp\/v2\/pages"}],"about":[{"href":"https:\/\/weinfreunde-lsp.de\/index.php\/wp-json\/wp\/v2\/types\/page"}],"author":[{"embeddable":true,"href":"https:\/\/weinfreunde-lsp.de\/index.php\/wp-json\/wp\/v2\/users\/1"}],"replies":[{"embeddable":true,"href":"https:\/\/weinfreunde-lsp.de\/index.php\/wp-json\/wp\/v2\/comments?post=54"}],"version-history":[{"count":85,"href":"https:\/\/weinfreunde-lsp.de\/index.php\/wp-json\/wp\/v2\/pages\/54\/revisions"}],"predecessor-version":[{"id":632,"href":"https:\/\/weinfreunde-lsp.de\/index.php\/wp-json\/wp\/v2\/pages\/54\/revisions\/632"}],"wp:attachment":[{"href":"https:\/\/weinfreunde-lsp.de\/index.php\/wp-json\/wp\/v2\/media?parent=54"}],"curies":[{"name":"wp","href":"https:\/\/api.w.org\/{rel}","templated":true}]}}